-78 - 118 = 14*f. Let n be 245/f*112/(-35). What is the greatest common factor of 196 and n?
28
Suppose -251 = u + 5*h - 919, -1316 = -2*u - 5*h. Let z = u - 636. Calculate the greatest common divisor of z and 294.
6
Let l(c) = c**3 - 11*c**2 + 2*c + 25. Let q be l(12). Let x = -189 + q. Let a(m) = -m**3 - m + 6. Let s be a(0). What is the highest common divisor of x and s?
2
Suppose 8*c - 6*c = -4*u + 9354, 0 = -2*u - 2*c + 4674. What is the highest common divisor of 420 and u?
60
Let x = 68 - 58. Suppose 3*r = d + x, 3*d - d = 3*r - 14. Suppose c - 6*c - 640 = -5*m, -4*c = -r*m + 264. Calculate the highest common factor of 31 and m.
31
Suppose 36*y + 9804 = 55*y + 95*y. What is the highest common factor of y and 14018?
86
Suppose 2*x + 3*x - 2695 = 0. Let p = -63405 - -63454. Calculate the highest common factor of p and x.
49
Let x(q) = 4*q**2 + 143*q + 48. Let w(c) = 2*c**2 + 71*c + 24. Let t(o) = -9*w(o) + 4*x(o). Let j be t(-33). Calculate the greatest common divisor of 45 and j.
9
Let t(s) be the second derivative of -3*s**5/10 - s**4/2 - 11*s**3/6 - s**2/2 + 48*s + 2. Let x be t(-3). Calculate the highest common factor of 105 and x.
35
Suppose 580 + 1103 = 153*v. Calculate the highest common divisor of 11506 and v.
11
Let c(r) = -143*r + 1. Let k be c(-1). Suppose k - 936 = -8*t. Suppose -v = b - t, -4*b + 5*v + 296 + 73 = 0. Calculate the highest common factor of 32 and b.
32
Suppose -127 = 23*o - 242. Suppose -374 = -b - o*m, -5*b - 5*m + 788 + 1062 = 0. Calculate the greatest common factor of 27 and b.
9
Suppose -51 - 189 = -30*g. Calculate the highest common factor of 18 and g.
2
Let m be -3 - (-24 + -9*12/36). What is the greatest common divisor of m and 12204?
12
Let l be (-3)/(-12) + 239/4. Suppose 4*p = -8, -2*h - 11*p = -9*p + 20. Let i = h + l. Calculate the highest common factor of i and 156.
52
Let c(s) = -40*s + 440 + 45*s + 5*s**2 - 4*s**2. Let o be c(0). What is the highest common factor of 40 and o?
40
Suppose -4 + 12 = -2*x, -5*l = -5*x - 1420. Let y be 3/(-1 - 43/(-40)). What is the highest common divisor of l and y?
40
Suppose m - 61 = 179. Let o be ((-255)/68)/((-2)/48). What is the greatest common factor of m and o?
30
Let o(g) = 4*g + 4. Let m be o(3). Suppose -4 = 36*t - 35*t, 4*t = -4*h - 1072. Let s = 280 + h. Calculate the greatest common factor of s and m.
16
Suppose 0 = -5*h + 3*m + 746, -h + 156 = 69*m - 73*m. What is the highest common divisor of h and 925?
37
Suppose -2*j = -4, -3*x = -j - j - 233. Let o = x - 59. What is the highest common factor of 4 and o?
4
Let g be -6 - ((-9)/3 + 290 - -1). Let k = g + 305. Suppose -7*q + 3*q = 2*o - 160, -3*q = 2*o - 164. What is the highest common factor of k and o?
11
Suppose 4*h - 5*q = 470, q + 109 + 337 = 4*h. Calculate the greatest common divisor of h and 680.
10
Suppose 0 = -4*f - 26 + 18. Let l be (f - (6 + -1)) + 77. Suppose -76 = -2*m + 3*o - 6*o, 3*m - 3*o - 99 = 0. What is the greatest common divisor of l and m?
35
Suppose -3*j = -5*k + 541, -5 = -0*k + 5*k. Let l = j - -1205. What is the highest common divisor of 93 and l?
93
Suppose 32 = -2*q + 36. Suppose -2*w + q*v = -118, 4*w + 117 - 393 = -4*v. Let a = w - 54. Calculate the highest common factor of a and 250.
10
Suppose -5*i = 3*o - 338, -111*i + 114*i - 4*o = 226. Suppose 0 = -4*u - 0*u + 140. Calculate the greatest common divisor of i and u.
35
Suppose 48*t - 77760 = 46*t. Suppose 24*c - t = -16*c. What is the greatest common factor of c and 12?
12
Let l = -9 - -21. Let o be ((-1)/(20/l))/((-11)/55). What is the highest common divisor of o and 3?
3
Suppose -2*t - 24 = -6*t. Let s = t - 3. Suppose -2*l - s*b = -4*l + 306, -l + 4*b = -163. Calculate the greatest common divisor of 21 and l.
21
Let f(n) = 8*n - 6*n - 2*n + n + 16. Let w be f(-8). Suppose -w = -6*m + 2452. Calculate the highest common divisor of 41 and m.
41
Suppose -92*y + 2*v - 324 = -95*y, -3*v = 3*y - 324. Calculate the highest common divisor of y and 567.
27
Suppose -156 = -4*q + 644. Let x = q - 108. Calculate the highest common factor of x and 230.
46
Let v be (-462)/(-84) + 3/6. What is the greatest common divisor of 446 and v?
2
Suppose -5*p - 359*j + 515 = -360*j, p - 4*j - 84 = 0. Calculate the highest common factor of p and 156.
52
Let n(u) = -10*u + 425. Let a be n(40). Suppose 3*x = -5*i + 315, -x - 103 = -2*x - i. What is the highest common factor of a and x?
25
Let a be ((-63)/(-45))/(2/10) + 1. Suppose 9*v = 7*v + 24. What is the highest common divisor of a and v?
4
Let t = 2158 - 2119. Let w be 291/9 - (-1)/(-3). Let h = t - w. What is the greatest common factor of 63 and h?
7
Let a = 1555 + -1346. Suppose -60*o - a = -3569. Suppose 4*c - 2*z = -0*c + 2460, 3*c - 1838 = 5*z. What is the highest common factor of c and o?
56
Let w be (3 + (-46)/4)*2. Let j be (2/(-12))/(w/102)*0. Suppose j*r = -6*r + 108. What is the greatest common divisor of 18 and r?
18
Let j(a) = a**3 - 16*a**2 + 49*a - 7. Let z be j(12). What is the highest common divisor of z and 265?
5
Suppose d - 15261 = -120*p + 115*p, -2*d - 9154 = -3*p. Calculate the greatest common factor of 8 and p.
4
Let h(k) = -2*k**3 + 2*k**2 + 5*k. Let w be h(2). Suppose -3*z - 8*y = -4*y - 142, 88 = w*z + 4*y. Calculate the greatest common factor of z and 36.
18
Let m be 150/(-125) + -16*(-8466)/30. Calculate the highest common divisor of 148 and m.
74
Suppose -22 = 2*i - 28. Suppose i*a - 51 = -2*p, 0 = -5*a - 8 - 7. What is the greatest common divisor of 30 and p?
30
Let y be 4/6*2417 + (-16)/(-24). Suppose -n = 3*n - y. Let c = -235 + n. What is the highest common divisor of c and 24?
24
Let r = -12348 + 12480. Let o(s) = s + 2. Let p be o(4). Let f = p + 6. What is the highest common divisor of f and r?
12
Suppose -35*y + 32*y + 476 = -2*q, -2*y - 3*q = -339. What is the highest common divisor of 198 and y?
18
Suppose x + 14*x + 16*x = 775. What is the greatest common factor of x and 910?
5
Suppose 21*g - 8*g + 5*g = 27072. What is the greatest common divisor of 47 and g?
47
Suppose -3*l - v = -41, 14 = -0*l + 2*l + 4*v. Let r be (734 - 2)/(-4 - -6). Suppose -5*i + r + 84 = 0. What is the greatest common factor of l and i?
15
Suppose 11*d - 2760 = -12*d. Suppose -288 = -8*k - d. What is the highest common factor of 483 and k?
21
Let c(g) = 3009*g**2 - 42*g - 27. Let t be c(4). Calculate the greatest common factor of 11 and t.
11
Suppose 2*m + 142*g - 139*g - 2090 = 0, -2*m + 3*g = -2090. Calculate the highest common divisor of m and 760.
95
Let d(g) = 4*g. Suppose -4*i + 9 = -5*a, -5*a + 2*i = -i + 8. Let n be d(a). Let s be 245 - (3 + n) - -2. What is the highest common factor of s and 31?
31
Let f(v) be the first derivative of -v**4/2 - 16*v**3/3 - 15*v**2/2 - 93. Let j be f(-8). What is the greatest common divisor of 15 and j?
15
Suppose -2*k + 2*o = -68, 5*k - 80 = 3*o + 90. Let h = k + -24. What is the highest common divisor of h and 95?
5
Let q = 5270 - 4930. Calculate the highest common divisor of 80 and q.
20
Let f(x) = 2*x**2 - 6*x + 20. Let o = 30 - 21. Let w be f(o). Suppose 3*y - w = -11. Calculate the greatest common factor of 26 and y.
13
Suppose -5003*h + 29050 = -4920*h. Let z be (-402)/(-8) - (-2)/(-8). Calculate the highest common factor of h and z.
50
Let r be (1022/219)/((-1)/(-3) + 0). Let z = -37 + 53. Suppose -2*p + 72 = z. Calculate the greatest common factor of r and p.
14
Let z be (-3)/(-12) - (162/(-8))/3. Let h(t) = -4*t**2 - 2*t**2 + 0*t**2 + z*t**2 + 8*t + 28. Let m be h(-8). Calculate the greatest common factor of m and 21.
7
Let d(r) = -3*r - 42. Let g be (-4)/(-20) + ((-146)/5 - 0). Let z be d(g). Let y = z - 43. What is the highest common factor of 1 and y?
1
Let o = 268 - 180. Suppose 2*g + 174 = 6*g + 3*s, -2*g - 2*s = -o. Let p = 240 + 54. Calculate the highest common factor of g and p.
42
Let h be 32/(-28) - (-3116)/7. Let s = 177 + h. What is the greatest common factor of 23 and s?
23
Suppose 0 = 7*x + 4*x - 539. Let t = x - 45. Suppose 0 = t*f + 4*s - 184 - 356, -4*f + 543 = 5*s. Calculate the greatest common divisor of 12 and f.
12
Suppose 0 = -82*s + 20*s + 74860 + 186966. Calculate the highest common factor of s and 41.
41
Let i = -13790 - -13973. Suppose -q + 5*q - 244 = 0. What is the greatest common divisor of q an